uppose 3*y + y - 3*f - 215107 = 0, 4*y - 4*f = 215108. What is the thousands digit of y?
3
Let b(u) = u**3 + 31*u**2 + 35*u + 41. Let s be b(-27). Let r = -1221 + s. Suppose a + 59 = -4*c + r, c = 5*a + 183. What is the tens digit of c?
8
Suppose 27578*a = 27597*a - 498997. What is the thousands digit of a?
6
Suppose 13*o + 63 = 20*o. Let m(r) = -r**3 + r**2 - r + 34. Let k be m(0). What is the tens digit of k - (-7)/((-21)/o)?
3
Let y = 29 + -29. Suppose -6*d - 2*d + 248 = y. Suppose 44 + d = v. What is the units digit of v?
5
Suppose -17*r + 446375 = 4*r - 18229. What is the tens digit of r?
2
What is the tens digit of 14643 - 2 - ((9 - -2) + -7 + -1)?
3
Let k be (-10)/(-40) + 41/(-4) + 0. What is the units digit of k/(-3)*(-4944)/(-40)?
2
Let d = -659 + 464. Let z = -11 - -6. What is the tens digit of ((-4)/(-6))/(z/d)?
2
Let c = -5821 + 6709. What is the tens digit of c?
8
Let v(c) = -16*c + 47. Let a be v(9). Let y = -93 - a. Suppose 2*l - 230 = -0*n + 4*n, -l - y*n + 115 = 0. What is the tens digit of l?
1
Suppose 15*x - 21 - 9 = 0. Suppose -4*u + 606 + 782 = -x*o, 4*u = o + 1386. What is the hundreds digit of u?
3
Let b = -722 + 1591. Suppose -5*p + 3*j + b = -1352, 1347 = 3*p + 3*j. What is the tens digit of p?
4
Let k(z) be the first derivative of -z**4/4 + 28*z**3/3 - 10*z**2 + 87*z + 169. What is the hundreds digit of k(26)?
9
Suppose 16*m - 40 = 24. Suppose 27 = 2*d + 221. What is the units digit of d/(-3)*(-1 + m)?
7
Suppose 4*l - 319 + 295 = 0. Suppose -l*r = -24*r + 6174. What is the hundreds digit of r?
3
Let q = -129 - 83. What is the tens digit of 242/8 + (-159)/q?
3
Suppose -23*r - 128 = -1209. Let z(u) = -u**3 - 7*u**2 - 2*u. Let s be z(-3). Let d = s + r. What is the tens digit of d?
1
Let s be 5283/(-2)*-6*8/36. Suppose 4*k - 8*k + s = -2*z, 0 = -4*k + 4*z + 3516. What is the units digit of k?
2
Suppose 50125 = 60*r - 55*r - 5*d, 0 = d + 5. What is the hundreds digit of r?
0
Let m(b) be the first derivative of 2*b**3 - 13*b**2/2 - b - 12. What is the tens digit of m(11)?
8
Let z(d) = 43*d - 2. Let a = 61 + -65. Let r be z(a). Let t = r + 312. What is the tens digit of t?
3
Let k(o) = -o**3 + 3*o**2 - o + 4. Let i be k(0). What is the hundreds digit of 18*36 + (-4)/1 + i?
6
Let r(q) = 7 - q + 11 - 17 - q**3 - 4*q**2. Let i be r(-4). Suppose -i*k + 1793 = 523. What is the units digit of k?
4
Let m(w) = w**3 - 35*w**2 - 34*w + 41. Let k(h) = h**3 - 34*h**2 - 32*h + 40. Let b(p) = 3*k(p) - 4*m(p). What is the units digit of b(38)?
6
Let c = -56 + 351. Suppose 4*a = -577 - 59. Let l = c + a. What is the units digit of l?
6
Let x be ((-12)/(-28))/(-3) + (-15)/(-7). Let y be (1 + 27/(-21))/(x/(-28)). Suppose -172 = -2*b - y*k, -368 = -4*b - 7*k + 5*k. What is the tens digit of b?
9
Let v(u) = u**2 - 13*u - 31. Let m be v(15). Let w(x) = x**2 - x + 1. Let g(s) = -8*s**2 + 2. Let b(h) = m*g(h) - 4*w(h). What is the tens digit of b(-5)?
7
Suppose 118945 = 5*j - 5*i, 7*i = -5*j + 9*i + 118933. What is the ten thousands digit of j?
2
Suppose 5*w - 3*h - 1184 - 1108 = 0, -5*w - 4*h + 2264 = 0. Suppose 29*l - w = 10*l. What is the tens digit of l?
2
Suppose 20*x = -4*x + 16464. Suppose 0 = -g + 5*i + x, -8*g = -4*g + 2*i - 2722. What is the units digit of g?
1
Let p(i) = 13*i - 49. Let w be p(5). Suppose -13 - 3 = -w*c. What is the units digit of c?
1
Suppose 0 = -245*v + 250*v - 169770. What is the units digit of v?
4
Suppose 5*a - 396 - 69 = 0. Suppose 5*s + a + 17 = -5*r, 70 = -4*s + 5*r. What is the tens digit of (621/115)/((-2)/s)?
5
Let s(m) = -m**2 - m + 8. Let y be s(0). Suppose 4*v - 4 = -q, -4*q - y = -24. Suppose 3*a + r - 189 = v, 2*r - 3*r + 63 = a. What is the tens digit of a?
6
Let l = 76305 - 50761. What is the ten thousands digit of l?
2
Let u be (3236/(-2))/(-3 + 1 + 0). Suppose j + u = 3*q - 0*j, -4*q + 2*j + 1080 = 0. What is the units digit of q?
9
Let o be 15/(-2)*(1 + (-35)/21). Suppose 3 + 0 = -3*k + 4*j, 5*k = j - o. What is the units digit of 6 + -3 - (k - -1) - -170?
3
Suppose 2*p - 794 = 3*p. Let x(k) = -2*k**2 - 15*k + 36. Let j be x(-10). What is the tens digit of p/j + 14/49?
5
Suppose 9*z + 0 = -0. Let p be (z - 4/10)*(44 - 14). What is the tens digit of 34 + (4/p - 8/3)?
3
Let a(h) = h**2 - 11*h - 45. Let k(u) = u**3 - 4*u**2 + 8*u - 13. Let i be k(4). What is the units digit of a(i)?
7
Let b = -1 - -75. Suppose -b*m = -75*m + 324. What is the units digit of m?
4
Suppose -520039 = 49*f - 3*f - 1890977. What is the units digit of f?
3
Let c(y) = y**3 - y**2 - 11*y - 2. Let p be c(-3). What is the tens digit of p/(-11 - 4)*735?
4
Let a be -1*(12/(-96) + 1999/(-8)). What is the hundreds digit of 100/a - (-3983)/5?
7
Let i = 15377 - 6475. What is the thousands digit of i?
8
Let a be 8 + (-4)/8*-24. Let d(v) = 7*v**2 - 73*v - 20. What is the hundreds digit of d(a)?
3
Suppose 0 = 4*x + i - 16913, 5614 = -3*x - 3*i + 18301. What is the tens digit of x?
2
What is the units digit of -20594*(-1*(-10)/4 + (94 - 97))?
7
Suppose 3*y + 3*g - g = -296, 433 = -4*y + 5*g. Let u = 547 + y. What is the hundreds digit of u?
4
Suppose 147*w - 14033 = -2760 + 1369. Let o be (-13 - -2)/(-1)*2. Let g = w + o. What is the units digit of g?
8
Let r(l) be the third derivative of 5*l**4/4 + l**3/3 + 18*l**2. Let w be (-2)/4 + (-21)/(-6). What is the tens digit of r(w)?
9
Let p(z) = 13*z**2 + 5*z + 25. Let w be p(9). Let m = 2698 - w. What is the thousands digit of m?
1
Suppose 8*v = v + 21. Suppose k = v + 2. What is the units digit of (1 - -1)/(k/230)?
2
Suppose -17*l + 37979 = 4*h - 22*l, 3*h - 2*l - 28486 = 0. What is the hundreds digit of h?
4
Suppose 1647895 = -2640*d + 2725*d. What is the units digit of d?
7
Let o(h) = -16580*h**3 + 9*h + 7. What is the thousands digit of o(-1)?
6
Suppose y - 19 = -5*p + 8, 0 = -5*y + 10. Suppose o - 3*u = 30, -o - 3 = p*u - 1. Let j = 28 + o. What is the tens digit of j?
4
Let n be 5 - 8 - 6*(-2)/(-3). Let f be (-2)/n - (28176/42)/(-4). Let b = f + -10. What is the units digit of b?
8
Let x be (40/(-15))/(1/3). Let m be x/4 + 9 + -2. Suppose 4*r + 3 - 60 = -m*o, 30 = 5*r - 2*o. What is the units digit of r?
8
What is the thousands digit of (-35)/20 - 5/((-140)/1563317)?
5
Suppose -2*c = 2*c. Let i be (-2)/(-11 + 9)*0/(-1). Suppose -690 = -4*j - 3*q, i = -4*j + 5*q - c*q + 674. What is the units digit of j?
1
Suppose 3*w = 3*b - 49038, -16352 = -b + 4*w - 0*w. What is the tens digit of b?
4
Suppose 0 = -6*v + 44 - 8. What is the hundreds digit of 4899/9 - 2/v?
5
Suppose 2*w + g - 591 = 0, -2*w + g + 0*g + 585 = 0. Suppose 24*f = 22*f - w. Let d = f - -252. What is the tens digit of d?
0
Suppose 21*s - 17*s + 13581 = 3*m, -5*m + 4*s + 22643 = 0. What is the hundreds digit of m?
5
Suppose -2*x = 31*x - 18579. Let r = 73 + x. What is the tens digit of r?
3
Suppose 2*d + 3*b = 26, 3*d - 3*b - 9 = -0*d. Suppose -d*j + 3270 = -j. What is the tens digit of j?
4
Let m = 79 + -79. Let h = -4 - -10. Suppose m = h*i + 2*i - 800. What is the hundreds digit of i?
1
Suppose -5*c + 3*r - 3213 = -170780, -5*r = -5*c + 167575. What is the hundreds digit of c?
5
Let j = -4327 + 8002. Suppose j + 294 = 9*w. What is the units digit of w?
1
Let j(u) = -2*u**2 - 40*u + 8. Let z be 258/(-15) + (-24)/30. Let p be j(z). Let s = p + -38. What is the tens digit of s?
4
Let b = -5225 - -10820. What is the tens digit of b?
9
What is the thousands digit of (897/(-78) + 10 + 0)*(-62204)/6?
5
Suppose -2345 = 25*j + 2930. Let g = 1729 + j. What is the tens digit of g?
1
Let f(w) = -w**2 + 10*w + 7. Suppose 8*k - 2*k = 42. What is the units digit of f(k)?
8
Let f be -2*136/8*(-6)/4. Let t = f + -61. What is the tens digit of (9 + t)/(3/507*-1)?
6
Suppose -5*d = -68112 + 4067. What is the ten thousands digit of d?
1
Suppose 37*r + 76*r - 2607096 = -384951. What is the hundreds digit of r?
6
Suppose -4*n + 3*r = -70739, 107*r = 109*r - 6. What is the ten thousands digit of n?
1
Let p(q) = -q**2 - 5*q - 10. Let s be p(-6). Let h(i) = i + 28. Let m be h(s). What is the tens digit of (-8)/m*6 + 40?
3
Suppose 3*t = 2*t + 198. Suppose -x + t = 2*x. Suppose d - x = 4. What is the units digit of d?
0
Let c = 12436 + 1421. What is the hundreds digit of c?
8
Let h(q) = -q**2 - 40*q + 62. Suppose 722 = -39*c - 604. What is the unit